0 + 87/10*8. Suppose 0 = 3*p - k - 17, 4*p - 5*k - 17 = 2. Calculate the greatest common divisor of p and d.
3
Let k(c) = 83*c - 16. Let s = -229 - -230. Let v be k(s). Calculate the greatest common divisor of 737 and v.
67
Suppose h + 168 = 5*h. Let p be ((-380)/14)/(14/(-98)). Let w = -162 + p. What is the greatest common divisor of w and h?
14
Let u be 66 - (1 + -2)/(-3)*-12. Let v = u + -72. Let x(m) = -11*m - 7. Let k be x(v). Calculate the greatest common factor of k and 30.
15
Let x(h) = 12*h + 755. Let i be x(-50). Suppose 70 = -v - 5*m, 4*m + 79 + 76 = -3*v. Let s = -14 - v. Calculate the greatest common divisor of s and i.
31
Suppose -428*d - 1856 + 16829 = 223*d. Suppose -2*l + 182 = 4*z - 2*z, 2*z + 370 = 4*l. Calculate the highest common factor of l and d.
23
Suppose 6*b - 9*b + 33 = 0. Suppose 0 = 2*v + 19 + b. Let h(r) = r**2 + 13*r + 12. Let i be h(v). Calculate the greatest common divisor of 6 and i.
6
Suppose -367*f + 17864 = -279*f. Calculate the greatest common factor of f and 259.
7
Suppose 31 = 4*y - h, -3*y + 5*h + 0 = -19. Suppose 9*q + 2 = y*q. Let z(k) = -7*k - 4. Let g be z(q). Calculate the highest common divisor of g and 15.
5
Suppose 3*b - 62 + 47 = 0. Suppose b*j - 47 = 83. Calculate the greatest common divisor of 832 and j.
26
Let t(n) = -n**2 - 22*n - 29. Let l = -21 + 1. Let p be t(l). Calculate the highest common factor of 22 and p.
11
Let x(s) = s**3 + 6*s**2 - 94*s - 54. Let j be x(-8). What is the greatest common divisor of 760 and j?
190
Let w be (-5878)/(-6) + ((-20)/3 - (1 + -8)). Calculate the greatest common divisor of w and 40.
20
Let c be (-1)/((12/273)/(-4)). Let l(b) = -3*b**2 + 27*b - 3. Let i be l(2). Calculate the highest common divisor of i and c.
13
Let x = 9821 - 8651. What is the highest common factor of 26 and x?
26
Let f(y) = -3*y**3 - 134*y**2 - 69*y - 1231. Let m be f(-45). Calculate the greatest common divisor of m and 28.
7
Let n be 21/5 - 54/45. Let p be (34 - 28)*68/n. Let k = 49 - 32. What is the greatest common factor of k and p?
17
Let l(g) = -19*g - 90. Let n(z) = 8*z + 45. Let k(o) = 3*l(o) + 7*n(o). Let d be k(0). What is the highest common divisor of d and 15?
15
Let a(k) be the second derivative of 241*k**4/6 + k**3/3 + 38*k. Let n be a(-1). Suppose -2*c - 2*c = -n. What is the greatest common factor of 15 and c?
15
Let h(t) = 21*t**2 + 8*t + 3. Let x be h(-1). Let w be 2*(-3 + 2) - -366. Let z = w + -188. What is the highest common divisor of z and x?
16
Let p be 3 + 2 + 2/(-2). Suppose 417 = d - p*k, 5*d - 685 - 1448 = 4*k. Calculate the highest common divisor of 13 and d.
13
Suppose 5*k - 14 + 4 = 0. Let n be 369/(-12)*(k - 44/6). Suppose -3*o + n + 25 = 0. Calculate the highest common factor of o and 9.
9
Suppose 0 = -2*v + u + 258, -67*u + 69*u - 636 = -5*v. What is the highest common factor of 1184 and v?
32
Let r = -92 + 176. Let y(b) = -96*b - 1044. Let w be y(-11). Calculate the highest common divisor of r and w.
12
Suppose 27*i - 10428 = 6*i - 7908. Calculate the greatest common divisor of i and 3660.
60
Let n(f) = -6*f + 52 + 11 - 3*f + f + 2*f. Let s be n(10). Calculate the highest common divisor of s and 9.
3
Suppose -38 = -5*n + 27. Suppose n = 4*m - 15. Let b = 206 + -150. What is the highest common factor of b and m?
7
Let o = -114 + -38. Let a = o + 282. What is the highest common factor of 78 and a?
26
Let p = -34 + 27. Let r(m) = -2*m**2 - 16*m - 4. Let n be r(p). Let c = -2 + n. What is the highest common factor of c and 8?
8
Let a = -46 - -159. Let u = a - -30. Suppose c + u = 12*c. What is the highest common divisor of c and 65?
13
Suppose -693 = 14*h + 19*h. Let p = h - -83. What is the greatest common factor of 434 and p?
62
Let l be 47*(-7 + 3 + 0). Let o = 198 + l. What is the highest common factor of o and 2?
2
Suppose u = -155*u + 197964. What is the highest common factor of 47 and u?
47
Suppose 1565*v = 1578*v - 1716. What is the highest common divisor of v and 516?
12
Suppose 0*l + l = 4*b + 7, -3*l + 3 = -3*b. Let p be (b + -8)/20 - (-155)/2. Calculate the greatest common factor of p and 33.
11
Let u(w) = 13*w + 206. Let x be u(47). What is the greatest common factor of 38 and x?
19
Suppose 6*m - 180 = -42. Let s = 24 - m. Let o be (-3 - 10 - -1)/(s - 2). What is the greatest common divisor of o and 12?
12
Suppose -51*s + 8085 = 4*s. Calculate the greatest common divisor of 1785 and s.
21
Let x(i) = -3*i**3 - 71*i**2 + 28*i + 101. Let q be x(-24). Suppose 4*n - 2864 = -5*w, -426 - 170 = -w + q*n. What is the greatest common divisor of 27 and w?
9
Let j be (-3)/(-12) - (-7)/4. Let r be 182/21*3/2 + 1173/23. What is the greatest common factor of r and j?
2
Let u(m) = 4*m**2 - 3*m - 1. Let j be u(3). Suppose 8 = -5*t + 58. Let z(a) = 14*a - 88. Let n be z(t). What is the greatest common factor of j and n?
26
Suppose 0 = -3*j + 11*v + 19557, 25467 + 7128 = 5*j - v. Calculate the highest common divisor of j and 53.
53
Suppose 4*d = 3*b - 27, -b = 5 - 2. Let z be 4/d - 2090/(-45). Let m be 159/7 + (-2)/(-7). Calculate the greatest common divisor of m and z.
23
Suppose 34*t - 115*t + 2187 = 0. What is the highest common divisor of 3123 and t?
9
Let t be ((-32)/(-20) + -2 + -2)*5. Let r be (-2)/(-12) + 62/t + 5. Suppose 5*o + 7 + 11 = x, r = -4*o - 4. Calculate the highest common factor of x and 78.
13
Suppose 2*s = -r - 79, 5*s = -2*r - 0*r - 163. Let c = -645 + 742. Let b = r + c. What is the greatest common factor of b and 7?
7
Let v = 39 - -42. Let c(z) = 6*z + 13. Let m be c(4). Let f = v - m. Calculate the greatest common divisor of f and 11.
11
Suppose -14*s + 6477 = 2741 - 9214. What is the highest common divisor of s and 74?
37
Suppose -20*t + 16*t + 1961 = -4187. What is the greatest common factor of 53 and t?
53
Let u be ((-4 - -66 - -3) + 2)/((-6)/(-90)). What is the greatest common divisor of u and 135?
15
Let g(q) = -30*q - 626. Let i be g(-21). Calculate the greatest common factor of 292 and i.
4
Suppose 0*f + 474 = -6*f. Let v = f - -81. Suppose -3*b + 0*b = -5*p - 2, 4*b = 16. Calculate the highest common factor of v and p.
2
Let s = -672 + 681. Calculate the greatest common factor of 576 and s.
9
Suppose -h - 4*h = -2*t + 4682, t + h - 2348 = 0. Calculate the greatest common divisor of 918 and t.
102
Let b be (-180)/(-12)*(-4)/(-6). Let t be (30 - (1 - 1))/(b/110). Let m be -3 - -1 - t/(-5). Calculate the greatest common divisor of m and 16.
16
Let w(r) = -21*r - 48. Let k be w(-5). What is the greatest common divisor of k and 76?
19
Suppose 15 = 2*a + 4*u - 31, -2*u = -10. Let k(x) = -13*x + 11. Let g be k(-12). Suppose 0 = -3*f + g + 457. What is the greatest common factor of a and f?
13
Suppose -103 = 5*y - 128. Let s be 12 - (0 - y) - 7. Suppose -g = -0*z + 2*z - 83, -4*z + 4*g + 148 = 0. What is the greatest common factor of s and z?
10
Suppose -52*p = 108*p - 107200. Calculate the highest common divisor of p and 350.
10
Let k = -46 + 54. Suppose 36 = c + 3*z + z, 0 = 4*z + k. Let n = c - 6. What is the highest common factor of 418 and n?
38
Suppose q - 3*q + 798 = 0. Let a = 10139 - 10118. What is the highest common divisor of q and a?
21
Suppose -14 - 22 = -3*k. Suppose -307*q = -361*q + 864. Calculate the greatest common divisor of q and k.
4
Suppose 3*h + 286 = 2*h - 2*m, 3*h = 2*m - 882. Let s = h + 302. What is the highest common factor of s and 310?
10
Suppose m + 5*q = -0*m + 12, -2*m + 76 = -3*q. Let v = 257 + m. What is the greatest common factor of 17 and v?
17
Let v(x) = -x**2 + 14*x + 145. Let c be v(15). What is the highest common factor of 21970 and c?
130
Suppose -150*o = -151*o - 3*i + 30, -3*o - 5*i + 74 = 0. What is the greatest common divisor of o and 48?
6
Let r be (-17)/((-100)/(-1250) - (-33)/(-100)). Calculate the greatest common factor of 221 and r.
17
Let z(l) = l**2 - 1. Let i be z(-1). Let t = 19404 + -19394. Suppose 8*x - 74 + t = i. Calculate the highest common divisor of x and 72.
8
Suppose -20 = n - 2*n + 5*w, 2*n = -w + 18. Suppose -9*m + n*m - 6 = 0. Suppose l = 16 + 14. Calculate the highest common divisor of l and m.
6
Suppose 5*s = -12*t + 8*t + 7, -4*s + 8 = 2*t. Suppose -s*h = 2*l - 79, 4*h - 3*h = 3*l - 91. What is the greatest common divisor of l and 112?
16
Let v(w) = -w**2 + 40*w + 